{"id":8103,"date":"2024-06-24T05:40:06","date_gmt":"2024-06-24T04:40:06","guid":{"rendered":"https:\/\/www.ibisana.com\/?post_type=product&#038;p=8103"},"modified":"2024-07-17T11:34:46","modified_gmt":"2024-07-17T10:34:46","slug":"bono-regalo","status":"publish","type":"product","link":"https:\/\/www.ibisana.com\/ingles\/producto\/bono-regalo\/","title":{"rendered":"Gift Voucher"},"content":{"rendered":"<p>This voucher offers the possibility for the recipient to choose between one of the following therapies at the time of booking.<\/p>\n<p>- LNT<\/p>\n<p>- Craniosacral Therapy<\/p>\n<p>- Osteopathy<\/p>\n<p><strong>How do Gift Vouchers work?<\/strong><\/p>\n<p>Giving a gift voucher has never been so easy. In just 3 simple steps, the recipient can enjoy their gift:<\/p>\n<p><strong>01.<\/strong> Choose the bonus you want and make the payment.<\/p>\n<p><strong>02.<\/strong> Once the transaction is complete, you will receive an email with the download link. You can download it or send it by email\/ WhatsApp to the person you wish to give the gift to. This document will contain all the necessary details to make the booking.<\/p>\n<p><strong>03.<\/strong> Enjoy the treatment!<\/p>","protected":false},"excerpt":{"rendered":"<p>This voucher offers the possibility for the recipient to choose between one of the following therapies at the time of booking.<\/p>\n<p>- LNT<\/p>\n<p>- Craniosacral Therapy<\/p>\n<p>- Osteopathy<\/p>\n<p><strong>How do Gift Vouchers work?<\/strong><\/p>\n<p>Giving a gift voucher has never been so easy. In just 3 simple steps, the recipient can enjoy their gift:<\/p>\n<p><strong>01.<\/strong> Choose the bonus you want and make the payment.<\/p>\n<p><strong>02.<\/strong> Once the transaction is complete, you will receive an email with the download link. You can download it or send it by email\/ WhatsApp to the person you wish to give the gift to. This document will contain all the necessary details to make the booking.<\/p>\n<p><strong>03.<\/strong> Enjoy the treatment!<\/p>","protected":false},"featured_media":6657,"comment_status":"open","ping_status":"closed","template":"","meta":{"_joinchat":[]},"product_brand":[],"product_cat":[145],"product_tag":[],"class_list":{"0":"post-8103","1":"product","2":"type-product","3":"status-publish","4":"has-post-thumbnail","6":"product_cat-bono-regalo","8":"first","9":"instock","10":"virtual","11":"taxable","12":"purchasable","13":"product-type-simple"},"yoast_head":"<!-- This site is optimized with the Yoast SEO plugin v27.4 - https:\/\/yoast.com\/product\/yoast-seo-wordpress\/ -->\n<title>Bono Regalo<\/title>\n<meta name=\"robots\" content=\"noindex, nofollow\" \/>\n<meta property=\"og:locale\" content=\"en_GB\" \/>\n<meta property=\"og:type\" content=\"article\" \/>\n<meta property=\"og:title\" content=\"Bono Regalo\" \/>\n<meta property=\"og:description\" content=\"Este bono bono ofrece la posibilidad de qui\u00e9n lo reciba, pueda elegir entre una de las siguiente terapias en el momento de efectuar la reserva.  \u2013 LNT  \u2013 Terapia Craneosacral  \u2013 Osteopat\u00eda  \u00bfC\u00f3mo funcionan los Bonos Regalo?  Regalar un bono nunca fue tan sencillo. En solo 3 simples pasos, la persona que lo reciba podr\u00e1 disfrutar de su regalo:  01. Elige el bono que quieras y realiza el pago.  02. Una vez completada la transacci\u00f3n, recibir\u00e1s un correo electr\u00f3nico con el enlace de descarga. Puedes descargarlo o enviarlo por correo electr\u00f3nico\/ WhatsApp a la persona a la que desees obsequiar. Este documento contendr\u00e1 todos los detalles necesarios para efectuar la reserva.  03. \u00a1Disfruta del tratamiento!\" \/>\n<meta property=\"og:url\" content=\"https:\/\/www.ibisana.com\/ingles\/product-2\/bono-regalo\/\" \/>\n<meta property=\"og:site_name\" content=\"Ibisana\" \/>\n<meta property=\"article:publisher\" content=\"https:\/\/facebook.com\/IbisanaTerapiasNaturales\" \/>\n<meta property=\"article:modified_time\" content=\"2024-07-17T10:34:46+00:00\" \/>\n<meta property=\"og:image\" content=\"https:\/\/www.ibisana.com\/wp-content\/uploads\/2024\/02\/2.png\" \/>\n\t<meta property=\"og:image:width\" content=\"810\" \/>\n\t<meta property=\"og:image:height\" content=\"810\" \/>\n\t<meta property=\"og:image:type\" content=\"image\/png\" \/>\n<meta name=\"twitter:card\" content=\"summary_large_image\" \/>\n<meta name=\"twitter:label1\" content=\"Estimated reading time\" \/>\n\t<meta name=\"twitter:data1\" content=\"1 minute\" \/>\n<script type=\"application\/ld+json\" class=\"yoast-schema-graph\">{\"@context\":\"https:\\\/\\\/schema.org\",\"@graph\":[{\"@type\":\"WebPage\",\"@id\":\"https:\\\/\\\/www.ibisana.com\\\/producto\\\/bono-regalo\\\/\",\"url\":\"https:\\\/\\\/www.ibisana.com\\\/producto\\\/bono-regalo\\\/\",\"name\":\"Bono Regalo\",\"isPartOf\":{\"@id\":\"https:\\\/\\\/www.ibisana.com\\\/#website\"},\"primaryImageOfPage\":{\"@id\":\"https:\\\/\\\/www.ibisana.com\\\/producto\\\/bono-regalo\\\/#primaryimage\"},\"image\":{\"@id\":\"https:\\\/\\\/www.ibisana.com\\\/producto\\\/bono-regalo\\\/#primaryimage\"},\"thumbnailUrl\":\"https:\\\/\\\/www.ibisana.com\\\/wp-content\\\/uploads\\\/2024\\\/02\\\/2.png\",\"datePublished\":\"2024-06-24T04:40:06+00:00\",\"dateModified\":\"2024-07-17T10:34:46+00:00\",\"breadcrumb\":{\"@id\":\"https:\\\/\\\/www.ibisana.com\\\/producto\\\/bono-regalo\\\/#breadcrumb\"},\"inLanguage\":\"en-GB\",\"potentialAction\":[{\"@type\":\"ReadAction\",\"target\":[\"https:\\\/\\\/www.ibisana.com\\\/producto\\\/bono-regalo\\\/\"]}]},{\"@type\":\"ImageObject\",\"inLanguage\":\"en-GB\",\"@id\":\"https:\\\/\\\/www.ibisana.com\\\/producto\\\/bono-regalo\\\/#primaryimage\",\"url\":\"https:\\\/\\\/www.ibisana.com\\\/wp-content\\\/uploads\\\/2024\\\/02\\\/2.png\",\"contentUrl\":\"https:\\\/\\\/www.ibisana.com\\\/wp-content\\\/uploads\\\/2024\\\/02\\\/2.png\",\"width\":810,\"height\":810,\"caption\":\"descripci\u00f3n del bono de tratamiento a elegir\"},{\"@type\":\"BreadcrumbList\",\"@id\":\"https:\\\/\\\/www.ibisana.com\\\/producto\\\/bono-regalo\\\/#breadcrumb\",\"itemListElement\":[{\"@type\":\"ListItem\",\"position\":1,\"name\":\"Portada\",\"item\":\"https:\\\/\\\/www.ibisana.com\\\/\"},{\"@type\":\"ListItem\",\"position\":2,\"name\":\"Productos\",\"item\":\"https:\\\/\\\/www.ibisana.com\\\/shop\\\/\"},{\"@type\":\"ListItem\",\"position\":3,\"name\":\"Bono Regalo\"}]},{\"@type\":\"WebSite\",\"@id\":\"https:\\\/\\\/www.ibisana.com\\\/#website\",\"url\":\"https:\\\/\\\/www.ibisana.com\\\/\",\"name\":\"Ibisana\",\"description\":\"Terapias Naturales y Cursos Hol\u00edsticos en Ibiza\",\"publisher\":{\"@id\":\"https:\\\/\\\/www.ibisana.com\\\/#organization\"},\"alternateName\":\"Terapias Naturales y Cursos Hol\u00edsticos en Ibiza\",\"potentialAction\":[{\"@type\":\"SearchAction\",\"target\":{\"@type\":\"EntryPoint\",\"urlTemplate\":\"https:\\\/\\\/www.ibisana.com\\\/?s={search_term_string}\"},\"query-input\":{\"@type\":\"PropertyValueSpecification\",\"valueRequired\":true,\"valueName\":\"search_term_string\"}}],\"inLanguage\":\"en-GB\"},{\"@type\":\"Organization\",\"@id\":\"https:\\\/\\\/www.ibisana.com\\\/#organization\",\"name\":\"Ibisana\",\"url\":\"https:\\\/\\\/www.ibisana.com\\\/\",\"logo\":{\"@type\":\"ImageObject\",\"inLanguage\":\"en-GB\",\"@id\":\"https:\\\/\\\/www.ibisana.com\\\/#\\\/schema\\\/logo\\\/image\\\/\",\"url\":\"https:\\\/\\\/www.ibisana.com\\\/wp-content\\\/uploads\\\/2022\\\/05\\\/cropped-Icono-web-ibisana.png\",\"contentUrl\":\"https:\\\/\\\/www.ibisana.com\\\/wp-content\\\/uploads\\\/2022\\\/05\\\/cropped-Icono-web-ibisana.png\",\"width\":512,\"height\":512,\"caption\":\"Ibisana\"},\"image\":{\"@id\":\"https:\\\/\\\/www.ibisana.com\\\/#\\\/schema\\\/logo\\\/image\\\/\"},\"sameAs\":[\"https:\\\/\\\/facebook.com\\\/IbisanaTerapiasNaturales\",\"https:\\\/\\\/www.instagram.com\\\/ibi_sana\\\/\"]}]}<\/script>\n<!-- \/ Yoast SEO plugin. -->","yoast_head_json":{"title":"Gift Voucher","robots":{"index":"noindex","follow":"nofollow"},"og_locale":"en_GB","og_type":"article","og_title":"Bono Regalo","og_description":"Este bono bono ofrece la posibilidad de qui\u00e9n lo reciba, pueda elegir entre una de las siguiente terapias en el momento de efectuar la reserva.  \u2013 LNT  \u2013 Terapia Craneosacral  \u2013 Osteopat\u00eda  \u00bfC\u00f3mo funcionan los Bonos Regalo?  Regalar un bono nunca fue tan sencillo. En solo 3 simples pasos, la persona que lo reciba podr\u00e1 disfrutar de su regalo:  01. Elige el bono que quieras y realiza el pago.  02. Una vez completada la transacci\u00f3n, recibir\u00e1s un correo electr\u00f3nico con el enlace de descarga. Puedes descargarlo o enviarlo por correo electr\u00f3nico\/ WhatsApp a la persona a la que desees obsequiar. Este documento contendr\u00e1 todos los detalles necesarios para efectuar la reserva.  03. \u00a1Disfruta del tratamiento!","og_url":"https:\/\/www.ibisana.com\/ingles\/product-2\/bono-regalo\/","og_site_name":"Ibisana","article_publisher":"https:\/\/facebook.com\/IbisanaTerapiasNaturales","article_modified_time":"2024-07-17T10:34:46+00:00","og_image":[{"width":810,"height":810,"url":"https:\/\/www.ibisana.com\/wp-content\/uploads\/2024\/02\/2.png","type":"image\/png"}],"twitter_card":"summary_large_image","twitter_misc":{"Estimated reading time":"1 minute"},"schema":{"@context":"https:\/\/schema.org","@graph":[{"@type":"WebPage","@id":"https:\/\/www.ibisana.com\/producto\/bono-regalo\/","url":"https:\/\/www.ibisana.com\/producto\/bono-regalo\/","name":"Gift Voucher","isPartOf":{"@id":"https:\/\/www.ibisana.com\/#website"},"primaryImageOfPage":{"@id":"https:\/\/www.ibisana.com\/producto\/bono-regalo\/#primaryimage"},"image":{"@id":"https:\/\/www.ibisana.com\/producto\/bono-regalo\/#primaryimage"},"thumbnailUrl":"https:\/\/www.ibisana.com\/wp-content\/uploads\/2024\/02\/2.png","datePublished":"2024-06-24T04:40:06+00:00","dateModified":"2024-07-17T10:34:46+00:00","breadcrumb":{"@id":"https:\/\/www.ibisana.com\/producto\/bono-regalo\/#breadcrumb"},"inLanguage":"en-GB","potentialAction":[{"@type":"ReadAction","target":["https:\/\/www.ibisana.com\/producto\/bono-regalo\/"]}]},{"@type":"ImageObject","inLanguage":"en-GB","@id":"https:\/\/www.ibisana.com\/producto\/bono-regalo\/#primaryimage","url":"https:\/\/www.ibisana.com\/wp-content\/uploads\/2024\/02\/2.png","contentUrl":"https:\/\/www.ibisana.com\/wp-content\/uploads\/2024\/02\/2.png","width":810,"height":810,"caption":"descripci\u00f3n del bono de tratamiento a elegir"},{"@type":"BreadcrumbList","@id":"https:\/\/www.ibisana.com\/producto\/bono-regalo\/#breadcrumb","itemListElement":[{"@type":"ListItem","position":1,"name":"Portada","item":"https:\/\/www.ibisana.com\/"},{"@type":"ListItem","position":2,"name":"Productos","item":"https:\/\/www.ibisana.com\/shop\/"},{"@type":"ListItem","position":3,"name":"Bono Regalo"}]},{"@type":"WebSite","@id":"https:\/\/www.ibisana.com\/#website","url":"https:\/\/www.ibisana.com\/","name":"Ibisana","description":"Natural Therapies and Holistic Courses in Ibiza","publisher":{"@id":"https:\/\/www.ibisana.com\/#organization"},"alternateName":"Terapias Naturales y Cursos Hol\u00edsticos en Ibiza","potentialAction":[{"@type":"SearchAction","target":{"@type":"EntryPoint","urlTemplate":"https:\/\/www.ibisana.com\/?s={search_term_string}"},"query-input":{"@type":"PropertyValueSpecification","valueRequired":true,"valueName":"search_term_string"}}],"inLanguage":"en-GB"},{"@type":"Organization","@id":"https:\/\/www.ibisana.com\/#organization","name":"Ibisana","url":"https:\/\/www.ibisana.com\/","logo":{"@type":"ImageObject","inLanguage":"en-GB","@id":"https:\/\/www.ibisana.com\/#\/schema\/logo\/image\/","url":"https:\/\/www.ibisana.com\/wp-content\/uploads\/2022\/05\/cropped-Icono-web-ibisana.png","contentUrl":"https:\/\/www.ibisana.com\/wp-content\/uploads\/2022\/05\/cropped-Icono-web-ibisana.png","width":512,"height":512,"caption":"Ibisana"},"image":{"@id":"https:\/\/www.ibisana.com\/#\/schema\/logo\/image\/"},"sameAs":["https:\/\/facebook.com\/IbisanaTerapiasNaturales","https:\/\/www.instagram.com\/ibi_sana\/"]}]}},"_links":{"self":[{"href":"https:\/\/www.ibisana.com\/ingles\/wp-json\/wp\/v2\/product\/8103","targetHints":{"allow":["GET"]}}],"collection":[{"href":"https:\/\/www.ibisana.com\/ingles\/wp-json\/wp\/v2\/product"}],"about":[{"href":"https:\/\/www.ibisana.com\/ingles\/wp-json\/wp\/v2\/types\/product"}],"replies":[{"embeddable":true,"href":"https:\/\/www.ibisana.com\/ingles\/wp-json\/wp\/v2\/comments?post=8103"}],"wp:featuredmedia":[{"embeddable":true,"href":"https:\/\/www.ibisana.com\/ingles\/wp-json\/wp\/v2\/media\/6657"}],"wp:attachment":[{"href":"https:\/\/www.ibisana.com\/ingles\/wp-json\/wp\/v2\/media?parent=8103"}],"wp:term":[{"taxonomy":"product_brand","embeddable":true,"href":"https:\/\/www.ibisana.com\/ingles\/wp-json\/wp\/v2\/product_brand?post=8103"},{"taxonomy":"product_cat","embeddable":true,"href":"https:\/\/www.ibisana.com\/ingles\/wp-json\/wp\/v2\/product_cat?post=8103"},{"taxonomy":"product_tag","embeddable":true,"href":"https:\/\/www.ibisana.com\/ingles\/wp-json\/wp\/v2\/product_tag?post=8103"}],"curies":[{"name":"wp","href":"https:\/\/api.w.org\/{rel}","templated":true}]}}